1122.
134
What is the greatest common divisor of 3332 and 112?
28
Calculate the greatest common factor of 5912 and 8.
8
What is the highest common divisor of 11 and 3817?
11
Calculate the greatest common factor of 6858 and 635.
127
What is the greatest common factor of 5 and 8?
1
Calculate the highest common divisor of 110 and 671.
11
Calculate the greatest common factor of 610 and 3904.
122
Calculate the greatest common factor of 93 and 4371.
93
Calculate the highest common divisor of 11479 and 39.
13
What is the highest common factor of 89 and 3916?
89
What is the highest common divisor of 104 and 24?
8
Calculate the greatest common factor of 125 and 10.
5
What is the highest common divisor of 96 and 27168?
96
Calculate the highest common factor of 30 and 110.
10
Calculate the highest common divisor of 33 and 429.
33
What is the greatest common divisor of 12 and 1620?
12
Calculate the greatest common divisor of 38 and 2432.
38
Calculate the greatest common factor of 44 and 11.
11
What is the greatest common factor of 180 and 306?
18
Calculate the highest common divisor of 54 and 10746.
54
Calculate the highest common factor of 65 and 858.
13
What is the greatest common factor of 200 and 300?
100
What is the highest common divisor of 592 and 37?
37
What is the highest common factor of 78 and 3471?
39
Calculate the greatest common divisor of 201 and 2077.
67
What is the greatest common factor of 9 and 60?
3
What is the greatest common factor of 80 and 3240?
40
What is the greatest common divisor of 41 and 779?
41
What is the highest common divisor of 750 and 12?
6
What is the greatest common factor of 31588 and 212?
212
What is the highest common divisor of 130 and 16380?
130
What is the greatest common divisor of 44243 and 879?
293
What is the greatest common divisor of 1435 and 105?
35
Calculate the greatest common factor of 273 and 147.
21
What is the greatest common divisor of 4324 and 1222?
94
What is the greatest common factor of 113 and 339?
113
Calculate the highest common factor of 49 and 63.
7
Calculate the greatest common divisor of 108 and 204.
12
What is the highest common divisor of 328 and 82?
82
Calculate the greatest common factor of 5718 and 6.
6
What is the highest common factor of 14 and 280?
14
Calculate the highest common factor of 32 and 2144.
32
Calculate the greatest common divisor of 2358 and 36.
18
What is the greatest common factor of 11 and 88?
11
What is the highest common divisor of 256 and 5296?
16
Calculate the highest common factor of 17 and 2.
1
What is the highest common divisor of 12 and 28?
4
What is the highest common divisor of 149 and 9983?
149
What is the greatest common factor of 420 and 1218?
42
Calculate the greatest common divisor of 19 and 29089.
19
What is the greatest common divisor of 167 and 11?
1
What is the highest common divisor of 6 and 52?
2
What is the greatest common factor of 28358 and 22?
22
Calculate the greatest common divisor of 1064 and 952.
56
Calculate the highest common factor of 285 and 465.
15
Calculate the highest common factor of 47 and 13301.
47
Calculate the highest common factor of 945 and 3255.
105
Calculate the greatest common divisor of 60 and 185.
5
Calculate the highest common divisor of 2086 and 126.
14
What is the greatest common divisor of 49 and 10927?
49
Calculate the greatest common divisor of 27 and 459.
27
Calculate the greatest common divisor of 188 and 141.
47
What is the highest common factor of 867 and 306?
51
What is the highest common divisor of 5 and 65?
5
What is the greatest common divisor of 20 and 70?
10
What is the highest common factor of 44 and 36916?
44
What is the highest common factor of 13699 and 266?
133
What is the greatest common divisor of 962 and 26?
26
What is the greatest common factor of 280 and 8?
8
What is the greatest common divisor of 420 and 25935?
105
What is the greatest common factor of 51 and 119?
17
What is the greatest common divisor of 3858 and 6?
6
Calculate the greatest common divisor of 87 and 18183.
87
What is the greatest common divisor of 81 and 24?
3
Calculate the highest common factor of 648 and 90.
18
What is the greatest common factor of 55935 and 1485?
495
Calculate the highest common divisor of 66 and 1012.
22
Calculate the greatest common divisor of 14 and 217.
7
Calculate the greatest common factor of 6 and 36042.
6
Calculate the highest common factor of 19153 and 358.
179
What is the highest common divisor of 608 and 1728?
32
Calculate the greatest common divisor of 1960 and 80.
40
What is the greatest common divisor of 1 and 220?
1
Calculate the highest common factor of 80 and 16624.
16
Calculate the greatest common factor of 2107 and 147.
49
Calculate the highest common divisor of 33 and 231.
33
Calculate the highest common divisor of 1215 and 2160.
135
Calculate the highest common divisor of 324 and 1908.
36
Calculate the greatest common divisor of 26750 and 856.
214
What is the highest common divisor of 312 and 24?
24
Calculate the greatest common divisor of 95 and 1615.
95
Calculate the greatest common factor of 858 and 2106.
78
Calculate the greatest common factor of 13 and 936.
13
Calculate the greatest common divisor of 5538 and 78.
78
Calculate the greatest common divisor of 336 and 96.
48
What is the greatest common divisor of 481 and 169?
13
What is the greatest common divisor of 623 and 7?
7
What is the highest common divisor of 143 and 55?
11
What is the highest common divisor of 60 and 920?
20
Calculate the greatest common factor of 15 and 4215.
15
Calculate the highest common divisor of 1369 and 37.
37
Calculate the highest common factor of 159 and 7526.
53
What is the highest common divisor of 61824 and 56?
56
Calculate the highest common divisor of 46 and 874.
46
What is the greatest common divisor of 979 and 178?
89
Calculate the greatest common divisor of 88 and 1232.
88
What is the highest common factor of 120 and 72?
24
What is the highest common divisor of 870 and 370?
10
What is the highest common factor of 459 and 1173?
51
Calculate the highest common factor of 19 and 4.
1
What is the greatest common factor of 144 and 2704?
16
Calculate the highest common divisor of 25 and 25.
25
What is the greatest common factor of 13 and 9698?
13
Calculate the highest common divisor of 11 and 1705.
11
What is the greatest common divisor of 833 and 17?
17
Calculate the greatest common factor of 69 and 85905.
69
Calculate the greatest common divisor of 731 and 43.
43
What is the highest common factor of 52 and 78?
26
What is the highest common factor of 2490 and 135?
15
Calculate the highest common divisor of 150 and 12975.
75
What is the greatest common divisor of 657 and 45?
9
What is the highest common factor of 99 and 99?
99
Calculate the highest common factor of 63 and 5607.
63
Calculate the highest common factor of 5 and 360.
5
What is the greatest common factor of 655 and 35?
5
Calculate the greatest common factor of 98 and 6.
2
Calculate the highest common divisor of 2048 and 64.
64
Calculate the highest common factor of 3 and 24.
3
What is the highest common factor of 9162 and 18?
18
What is the greatest common factor of 10 and 1910?
10
What is the greatest common factor of 60 and 7212?
12
What is the highest common factor of 3860 and 360?
20
What is the greatest common divisor of 58 and 638?
58
What is the highest common divisor of 264 and 2882?
22
Calculate the greatest common factor of 152 and 3268.
76
What is the highest common divisor of 153 and 9?
9
Calculate the greatest common divisor of 1323 and 27.
27
What is the highest common factor of 1395 and 1705?
155
Calculate the greatest common divisor of 9517 and 31.
31
Calculate the highest common factor of 8 and 880.
8
What is the greatest common factor of 22 and 198?
22
Calculate the greatest common factor of 134 and 1943.
67
What is the highest common divisor of 1035 and 5580?
45
What is the highest common factor of 40 and 55?
5
Calculate the highest common factor of 38 and 74.
2
Calculate the greatest common factor of 332 and 83.
83
Calculate the greatest common factor of 258 and 12.
6
Calculate the highest common divisor of 35 and 84.
7
Calculate the highest common factor of 464 and 348.
116
What is the greatest common factor 